{"id":85,"date":"2016-03-16T10:49:47","date_gmt":"2016-03-16T09:49:47","guid":{"rendered":"http:\/\/www.gotrail.fr\/?page_id=85"},"modified":"2026-04-01T15:47:41","modified_gmt":"2026-04-01T13:47:41","slug":"accueil","status":"publish","type":"page","link":"https:\/\/www.gotrail.fr\/","title":{"rendered":"Accueil"},"content":{"rendered":"\n<h1 class=\"has-text-align-center\">LA 10E EDITION DU GO&rsquo;TRAIL AURA LIEU LE 3\/05\/2026 !<\/h1>\n\n\n\n<div style=\"height:25px\" aria-hidden=\"true\" class=\"wp-block-spacer\"><\/div>\n\n\n\n<p>Dimanche 3 mai 202, l&rsquo;Association des Parents d\u2019El\u00e8ves de l\u2019Ecole priv\u00e9e du Gotha d&rsquo;Ancenis-Saint-G\u00e9r\u00e9on organisera la <strong>10\u00e8me \u00e9dition du Go&rsquo;Trail<\/strong>, courses \u00e0 pied, galopades enfants et marche sans classement en terre g\u00e9r\u00e9onnaise. <\/p>\n\n\n\n<h3 class=\"has-text-align-center\"><strong><a href=\"https:\/\/www.timepulse.fr\/evenements\/voir\/3123\/go-trail-2026-10eme-edition-saint-gereon#epreuve\" target=\"_blank\" rel=\"noreferrer noopener\">INSCRIPTIONS SUR TIMEPULS<\/a><a rel=\"noreferrer noopener\" href=\"https:\/\/www.timepulse.fr\/calendrier\" target=\"_blank\">E<\/a><\/strong><\/h3>\n\n\n\n<h3 class=\"has-text-align-center\"><\/h3>\n\n\n\n<div style=\"height:25px\" aria-hidden=\"true\" class=\"wp-block-spacer\"><\/div>\n\n\n\n\n\n\n<figure class=\"wp-block-image size-large\"><img loading=\"lazy\" width=\"1024\" height=\"683\" src=\"https:\/\/www.gotrail.fr\/wp-content\/uploads\/2022\/03\/IMG_2157-1024x683.jpg\" alt=\"\" class=\"wp-image-1017\" srcset=\"https:\/\/www.gotrail.fr\/wp-content\/uploads\/2022\/03\/IMG_2157-1024x683.jpg 1024w, https:\/\/www.gotrail.fr\/wp-content\/uploads\/2022\/03\/IMG_2157-300x200.jpg 300w, https:\/\/www.gotrail.fr\/wp-content\/uploads\/2022\/03\/IMG_2157-768x512.jpg 768w, https:\/\/www.gotrail.fr\/wp-content\/uploads\/2022\/03\/IMG_2157-1170x780.jpg 1170w, https:\/\/www.gotrail.fr\/wp-content\/uploads\/2022\/03\/IMG_2157.jpg 1200w\" sizes=\"(max-width: 1024px) 100vw, 1024px\" \/><\/figure>\n","protected":false},"excerpt":{"rendered":"<p>LA 10E EDITION DU GO&rsquo;TRAIL AURA LIEU LE 3\/05\/2026 ! Dimanche 3 mai 202, l&rsquo;Association des Parents d\u2019El\u00e8ves de l\u2019Ecole priv\u00e9e du Gotha d&rsquo;Ancenis-Saint-G\u00e9r\u00e9on organisera la 10\u00e8me \u00e9dition du Go&rsquo;Trail, courses \u00e0 pied, galopades enfants et marche sans classement en&hellip; <br \/><a class=\"read-more-button\" href=\"https:\/\/www.gotrail.fr\/\">Savoir plus<\/a><\/p>\n","protected":false},"author":1,"featured_media":0,"parent":0,"menu_order":0,"comment_status":"closed","ping_status":"closed","template":"","meta":[],"_links":{"self":[{"href":"https:\/\/www.gotrail.fr\/index.php?rest_route=\/wp\/v2\/pages\/85"}],"collection":[{"href":"https:\/\/www.gotrail.fr\/index.php?rest_route=\/wp\/v2\/pages"}],"about":[{"href":"https:\/\/www.gotrail.fr\/index.php?rest_route=\/wp\/v2\/types\/page"}],"author":[{"embeddable":true,"href":"https:\/\/www.gotrail.fr\/index.php?rest_route=\/wp\/v2\/users\/1"}],"replies":[{"embeddable":true,"href":"https:\/\/www.gotrail.fr\/index.php?rest_route=%2Fwp%2Fv2%2Fcomments&post=85"}],"version-history":[{"count":117,"href":"https:\/\/www.gotrail.fr\/index.php?rest_route=\/wp\/v2\/pages\/85\/revisions"}],"predecessor-version":[{"id":1362,"href":"https:\/\/www.gotrail.fr\/index.php?rest_route=\/wp\/v2\/pages\/85\/revisions\/1362"}],"wp:attachment":[{"href":"https:\/\/www.gotrail.fr\/index.php?rest_route=%2Fwp%2Fv2%2Fmedia&parent=85"}],"curies":[{"name":"wp","href":"https:\/\/api.w.org\/{rel}","templated":true}]}}

<h1 class="has-text-align-center">LA 10E EDITION DU GO&rsquo;TRAIL AURA LIEU LE 3/05/2026 !</h1>



<div style="height:25px" aria-hidden="true" class="wp-block-spacer"></div>



<p>Dimanche 3 mai 202, l&rsquo;Association des Parents d’Elèves de l’Ecole privée du Gotha d&rsquo;Ancenis-Saint-Géréon organisera la <strong>10ème édition du Go&rsquo;Trail</strong>, courses à pied, galopades enfants et marche sans classement en terre géréonnaise. </p>



<h3 class="has-text-align-center"><strong><a href="https://www.timepulse.fr/evenements/voir/3123/go-trail-2026-10eme-edition-saint-gereon#epreuve" target="_blank" rel="noreferrer noopener">INSCRIPTIONS SUR TIMEPULS</a><a rel="noreferrer noopener" href="https://www.timepulse.fr/calendrier" target="_blank">E</a></strong></h3>



<h3 class="has-text-align-center"></h3>



<div style="height:25px" aria-hidden="true" class="wp-block-spacer"></div>






<figure class="wp-block-image size-large"><img loading="lazy" width="1024" height="683" src="https://www.gotrail.fr/wp-content/uploads/2022/03/IMG_2157-1024x683.jpg" alt="" class="wp-image-1017" srcset="https://www.gotrail.fr/wp-content/uploads/2022/03/IMG_2157-1024x683.jpg 1024w, https://www.gotrail.fr/wp-content/uploads/2022/03/IMG_2157-300x200.jpg 300w, https://www.gotrail.fr/wp-content/uploads/2022/03/IMG_2157-768x512.jpg 768w, https://www.gotrail.fr/wp-content/uploads/2022/03/IMG_2157-1170x780.jpg 1170w, https://www.gotrail.fr/wp-content/uploads/2022/03/IMG_2157.jpg 1200w" sizes="(max-width: 1024px) 100vw, 1024px" /></figure>

<p>LA 10E EDITION DU GO&rsquo;TRAIL AURA LIEU LE 3/05/2026 ! Dimanche 3 mai 202, l&rsquo;Association des Parents d’Elèves de l’Ecole privée du Gotha d&rsquo;Ancenis-Saint-Géréon organisera la 10ème édition du Go&rsquo;Trail, courses à pied, galopades enfants et marche sans classement en&hellip; <br /><a class="read-more-button" href="https://www.gotrail.fr/">Savoir plus</a></p>
