{"id":19,"date":"2016-02-11T15:45:28","date_gmt":"2016-02-11T14:45:28","guid":{"rendered":"http:\/\/www.gotrail.fr\/?page_id=19"},"modified":"2026-04-01T15:45:17","modified_gmt":"2026-04-01T13:45:17","slug":"reglement","status":"publish","type":"page","link":"https:\/\/www.gotrail.fr\/?page_id=19","title":{"rendered":"R\u00e8glement"},"content":{"rendered":"<ul style=\"text-align: justify;\">\n<li style=\"list-style-type: none;\">\u00a0<\/li>\n<\/ul>\n<h3>Article 1 : Organisation<\/h3>\n<p>L&rsquo;Association des Parents d\u2019El\u00e8ves de l\u2019\u00e9cole priv\u00e9e du Gotha d&rsquo;Ancenis-Saint-G\u00e9r\u00e9on organise un Trail off \u00ab\u00a0GO\u2019TRAIL\u00a0\u00bb le <strong>dimanche 3 mai 2026<\/strong>.<\/p>\n<h3>Article 2 : Parcours<\/h3>\n<p>Les parcours de 6, 10 &amp; 18 km partiront et arriveront \u00e0 l\u2019\u00e9cole du Gotha de Saint-G\u00e9r\u00e9on. Trois d\u00e9parts diff\u00e9r\u00e9s pour cette \u00e9dition : 9h45 pour le 6km, 9h30 pour le 14km, 9h15 pour le 18km. Les parcours seront enti\u00e8rement balis\u00e9s et emprunteront en majorit\u00e9 des chemins communaux et quelques jonctions goudronn\u00e9es. Le kilom\u00e9trage ne sera pas indiqu\u00e9. Barri\u00e8re horaire : <strong>arriv\u00e9e avant 12h30<\/strong>. Cette ann\u00e9e il y aura 1 ravitaillement sur les parcours 10km et 18km.<\/p>\n<h3>Article 3 : Trail off<\/h3>\n<p>\u00ab GO\u2019TRAIL \u00bb est une manifestation ne d\u00e9pendant d\u2019aucune f\u00e9d\u00e9ration et ne donnant donc lieu \u00e0 aucun classement li\u00e9 \u00e0 la vitesse ou au temps. Chacun des participants pourra parcourir la distance \u00e0 la vitesse qui lui convient.<\/p>\n<h3>Article 4 : Inscription<\/h3>\n<h4><strong>\u00b7\u00a0\u00a0\u00a0 Limite d\u2019\u00e2ge :<\/strong><\/h4>\n<ul>\n<li><strong>6 et 14 km<\/strong> : \u00e9preuves ouvertes \u00e0 toutes les personnes ayant <strong>au minimum 12 ans le jour de la course<\/strong>.<\/li>\n<li><strong>21 km<\/strong> : \u00e9preuve ouverte \u00e0 toutes les personnes <strong>majeures le jour de la course<\/strong>.<\/li>\n<\/ul>\n<h4><strong>\u00b7\u00a0\u00a0\u00a0 Licence <\/strong><strong>et d\u00e9charge <\/strong>:<\/h4>\n<ul>\n<li>Les coureurs devront fournir une licence (FFA, FFTRI) ou un certificat m\u00e9dical dat\u00e9 de moins d&rsquo;1 an ou un PPS pour le 18 km.<\/li>\n<\/ul>\n<h4>\u00b7\u00a0\u00a0\u00a0 Frais d\u2019inscription :<\/h4>\n<ul>\n<li><strong>6 km<\/strong> : 7\u20ac (+2\u20ac le jour de la course)<\/li>\n<li><strong>14 km<\/strong> : 10\u20ac (+2\u20ac le jour de la course)<\/li>\n<li><strong>21 km<\/strong> : 14\u20ac (+2\u20ac le jour de la course)<\/li>\n<li><strong>Marche 10 km<\/strong> : 6\u20ac (+1\u20ac le jour de la course)<\/li>\n<li><strong>Galopades<\/strong> : gratuit<\/li>\n<li>Aucun remboursement ne pourra \u00eatre exig\u00e9<\/li>\n<\/ul>\n<h4>\u00b7\u00a0\u00a0\u00a0 Modalit\u00e9s d\u2019inscription : <a href=\"https:\/\/www.gotrail.fr\/?page_id=33\">voir la rubrique inscription<\/a><\/h4>\n<ul>\n<li><strong>En ligne :<\/strong> sur <a href=\"https:\/\/www.timepulse.fr\/evenements\/voir\/3123\/go-trail-2026-10eme-edition-saint-gereon#epreuve\">timepulse.run<\/a> et jusqu\u2019au 29\/04\/2026 \u00e0 21h<\/li>\n<li><strong>Sur place le jour de la course <\/strong>: inscription possible \u00e0 partir de 8h et jusqu\u2019\u00e0 15 minutes avant le d\u00e9part et <strong>major\u00e9e de 2\u20ac.<\/strong><\/li>\n<\/ul>\n<h3>Article 5 : Ravitaillement<\/h3>\n<p>Un ravitaillement (liquide et solide) sera disponible pendant le 10 et le 18 km.<\/p>\n<h3>Article 6 : Galopades<\/h3>\n<p>Des galopades gratuites sont organis\u00e9es \u00e0 partir de 9h15 et ne donneront lieu \u00e0 aucun classement final :<\/p>\n<p>&#8211; 3-5 ans (enfants n\u00e9s de 2021 \u00e0 2023) : environ 300m<br \/>&#8211; 6-8 ans (enfants n\u00e9s de 2018 \u00e0 2020) : environ 600m<br \/>&#8211; 9-11 ans (enfants n\u00e9s de 2015 \u00e0 2017) : environ 1200m<\/p>\n<h3>Article 7 : Assurance<\/h3>\n<p>Les organisateurs sont couverts par une police souscrite aupr\u00e8s de Mutuelle Saint-Christophe assurances. Chacun des participants doit \u00eatre assur\u00e9 personnellement, les organisateurs d\u00e9clinant toute responsabilit\u00e9 en cas d&rsquo;accident ou de d\u00e9faillance.<\/p>\n<h3>Article 8 : Droit d\u2019image<\/h3>\n<p>L\u2019organisation se r\u00e9serve le droit et sans contrepartie d\u2019utiliser les photos r\u00e9alis\u00e9es lors de la manifestation sauf demande expresse du coureur.<\/p>\n<h3>Article 9 : Abandon<\/h3>\n<p>En cas d\u2019abandon, le participant devra se signaler aupr\u00e8s de l\u2019organisation \u00e0 l\u2019arriv\u00e9e.<\/p>\n\n\n<p><\/p>\n","protected":false},"excerpt":{"rendered":"<p>\u00a0 Article 1 : Organisation L&rsquo;Association des Parents d\u2019El\u00e8ves de l\u2019\u00e9cole priv\u00e9e du Gotha d&rsquo;Ancenis-Saint-G\u00e9r\u00e9on organise un Trail off \u00ab\u00a0GO\u2019TRAIL\u00a0\u00bb le dimanche 3 mai 2026. Article 2 : Parcours Les parcours de 6, 10 &amp; 18 km partiront et arriveront&hellip; <br \/><a class=\"read-more-button\" href=\"https:\/\/www.gotrail.fr\/?page_id=19\">Savoir plus<\/a><\/p>\n","protected":false},"author":1,"featured_media":0,"parent":0,"menu_order":0,"comment_status":"closed","ping_status":"closed","template":"","meta":[],"_links":{"self":[{"href":"https:\/\/www.gotrail.fr\/index.php?rest_route=\/wp\/v2\/pages\/19"}],"collection":[{"href":"https:\/\/www.gotrail.fr\/index.php?rest_route=\/wp\/v2\/pages"}],"about":[{"href":"https:\/\/www.gotrail.fr\/index.php?rest_route=\/wp\/v2\/types\/page"}],"author":[{"embeddable":true,"href":"https:\/\/www.gotrail.fr\/index.php?rest_route=\/wp\/v2\/users\/1"}],"replies":[{"embeddable":true,"href":"https:\/\/www.gotrail.fr\/index.php?rest_route=%2Fwp%2Fv2%2Fcomments&post=19"}],"version-history":[{"count":42,"href":"https:\/\/www.gotrail.fr\/index.php?rest_route=\/wp\/v2\/pages\/19\/revisions"}],"predecessor-version":[{"id":1360,"href":"https:\/\/www.gotrail.fr\/index.php?rest_route=\/wp\/v2\/pages\/19\/revisions\/1360"}],"wp:attachment":[{"href":"https:\/\/www.gotrail.fr\/index.php?rest_route=%2Fwp%2Fv2%2Fmedia&parent=19"}],"curies":[{"name":"wp","href":"https:\/\/api.w.org\/{rel}","templated":true}]}}